{"id":216,"date":"2025-04-03T17:44:59","date_gmt":"2025-04-03T14:44:59","guid":{"rendered":"https:\/\/ephesiahotel.com\/beach\/?page_id=216"},"modified":"2025-04-07T16:26:24","modified_gmt":"2025-04-07T13:26:24","slug":"odalar","status":"publish","type":"page","link":"https:\/\/ephesiahotel.com\/beach\/odalar\/","title":{"rendered":"KONAKLAMA"},"content":{"rendered":"<h2>Sevdiklerinizle Birlikte Konforlu<br \/>\nBir Tatil Sizi Bekliyor!<\/h2>\n<p>Geni\u015f ve konforlu aile odalar\u0131m\u0131z, sevdiklerinizle birlikte rahat ve keyifli bir tatil ge\u00e7irmeniz i\u00e7in tasarland\u0131. Ferahl\u0131\u011f\u0131, modern dekorasyonu ve kullan\u0131\u015fl\u0131 alanlar\u0131yla tatilinizi daha konforlu hale getirin. Ailece huzurlu ve e\u011flenceli bir konaklama deneyimi sizi bekliyor!<\/p>\n","protected":false},"excerpt":{"rendered":"<p>Sevdiklerinizle Birlikte Konforlu Bir Tatil Sizi Bekliyor!&#8230;<\/p>\n","protected":false},"author":1,"featured_media":403,"parent":0,"menu_order":0,"comment_status":"closed","ping_status":"closed","template":"page-odalar-liste.php","meta":{"_acf_changed":false,"inline_featured_image":false,"footnotes":""},"class_list":["post-216","page","type-page","status-publish","has-post-thumbnail","hentry"],"acf":[],"_links":{"self":[{"href":"https:\/\/ephesiahotel.com\/beach\/wp-json\/wp\/v2\/pages\/216","targetHints":{"allow":["GET"]}}],"collection":[{"href":"https:\/\/ephesiahotel.com\/beach\/wp-json\/wp\/v2\/pages"}],"about":[{"href":"https:\/\/ephesiahotel.com\/beach\/wp-json\/wp\/v2\/types\/page"}],"author":[{"embeddable":true,"href":"https:\/\/ephesiahotel.com\/beach\/wp-json\/wp\/v2\/users\/1"}],"replies":[{"embeddable":true,"href":"https:\/\/ephesiahotel.com\/beach\/wp-json\/wp\/v2\/comments?post=216"}],"version-history":[{"count":6,"href":"https:\/\/ephesiahotel.com\/beach\/wp-json\/wp\/v2\/pages\/216\/revisions"}],"predecessor-version":[{"id":541,"href":"https:\/\/ephesiahotel.com\/beach\/wp-json\/wp\/v2\/pages\/216\/revisions\/541"}],"wp:featuredmedia":[{"embeddable":true,"href":"https:\/\/ephesiahotel.com\/beach\/wp-json\/wp\/v2\/media\/403"}],"wp:attachment":[{"href":"https:\/\/ephesiahotel.com\/beach\/wp-json\/wp\/v2\/media?parent=216"}],"curies":[{"name":"wp","href":"https:\/\/api.w.org\/{rel}","templated":true}]}}