{"id":220,"date":"2025-04-03T17:45:35","date_gmt":"2025-04-03T14:45:35","guid":{"rendered":"https:\/\/ephesiahotel.com\/beach\/?page_id=220"},"modified":"2025-04-04T17:23:15","modified_gmt":"2025-04-04T14:23:15","slug":"aile-odasi-kara-manzarali","status":"publish","type":"page","link":"https:\/\/ephesiahotel.com\/beach\/odalar\/aile-odalari\/aile-odasi-kara-manzarali\/","title":{"rendered":"Aile Odas\u0131 Kara Manzaral\u0131"},"content":{"rendered":"<p>Geni\u015f aileler i\u00e7in tasarlanm\u0131\u015f, s\u00fcrg\u00fcl\u00fc kap\u0131 ile b\u00f6l\u00fcnebilen, 38m\u00b2 b\u00fcy\u00fckl\u00fc\u011f\u00fcnde ki odalar\u0131m\u0131z bah\u00e7e veya kara manzaral\u0131d\u0131r.<\/p>\n<p>Bir adet \u00e7ift ki\u015filik yatak, bir adet tek ki\u015filik yatak ve bir adet sofa bulunan odalar\u0131m\u0131z 4 ki\u015filik konaklamaya kadar uygundur.<\/p>\n<p>Odalar\u0131m\u0131zda Split klima, 2 adet Lcd TV, ,Emanet kasas\u0131 (\u00fccretsiz), Sa\u00e7 kurutma makinesi, Minibar (giri\u015f g\u00fcn\u00fc 2 adet su \u00fccretsiz), makyaj masas\u0131-aynas\u0131<\/p>\n<p>\u00c7ay-kahve ikram seti, Du\u015f \/ Wc, Kablosuz internet (\u00fccretsiz), Telefon (\u00fccretli), seramik zemin, teras veya balkon bulunmaktad\u0131r.<\/p>\n","protected":false},"excerpt":{"rendered":"<p>Geni\u015f aileler i\u00e7in tasarlanm\u0131\u015f, s\u00fcrg\u00fcl\u00fc kap\u0131 ile&#8230;<\/p>\n","protected":false},"author":1,"featured_media":229,"parent":218,"menu_order":0,"comment_status":"closed","ping_status":"closed","template":"page-oda-detay.php","meta":{"_acf_changed":false,"inline_featured_image":false,"footnotes":""},"class_list":["post-220","page","type-page","status-publish","has-post-thumbnail","hentry"],"acf":[],"_links":{"self":[{"href":"https:\/\/ephesiahotel.com\/beach\/wp-json\/wp\/v2\/pages\/220","targetHints":{"allow":["GET"]}}],"collection":[{"href":"https:\/\/ephesiahotel.com\/beach\/wp-json\/wp\/v2\/pages"}],"about":[{"href":"https:\/\/ephesiahotel.com\/beach\/wp-json\/wp\/v2\/types\/page"}],"author":[{"embeddable":true,"href":"https:\/\/ephesiahotel.com\/beach\/wp-json\/wp\/v2\/users\/1"}],"replies":[{"embeddable":true,"href":"https:\/\/ephesiahotel.com\/beach\/wp-json\/wp\/v2\/comments?post=220"}],"version-history":[{"count":11,"href":"https:\/\/ephesiahotel.com\/beach\/wp-json\/wp\/v2\/pages\/220\/revisions"}],"predecessor-version":[{"id":421,"href":"https:\/\/ephesiahotel.com\/beach\/wp-json\/wp\/v2\/pages\/220\/revisions\/421"}],"up":[{"embeddable":true,"href":"https:\/\/ephesiahotel.com\/beach\/wp-json\/wp\/v2\/pages\/218"}],"wp:featuredmedia":[{"embeddable":true,"href":"https:\/\/ephesiahotel.com\/beach\/wp-json\/wp\/v2\/media\/229"}],"wp:attachment":[{"href":"https:\/\/ephesiahotel.com\/beach\/wp-json\/wp\/v2\/media?parent=220"}],"curies":[{"name":"wp","href":"https:\/\/api.w.org\/{rel}","templated":true}]}}