{"id":525,"date":"2025-04-07T16:23:03","date_gmt":"2025-04-07T13:23:03","guid":{"rendered":"https:\/\/ephesiahotel.com\/beach\/?page_id=525"},"modified":"2025-04-07T16:25:10","modified_gmt":"2025-04-07T13:25:10","slug":"superior-swim-up-oda","status":"publish","type":"page","link":"https:\/\/ephesiahotel.com\/beach\/odalar\/superior-odalar\/superior-swim-up-oda\/","title":{"rendered":"Superior Swim-Up Oda"},"content":{"rendered":"<p>Teras\u0131ndan direk 140 cm derinli\u011fe sahip Panaroma havuzuna giri\u015f imkan\u0131 sa\u011flayan 34m\u00b2 b\u00fcy\u00fckl\u00fc\u011f\u00fcndeki Superior Swim-up odada,<\/p>\n<p>Bir adet \u00e7ift ki\u015filik yatak, bir adet sofa bulunmaktad\u0131r. Dilerseniz 2 yeti\u015fkin 1 \u00e7ocuk ( 0-12 ya\u015f) \u015feklinde ki konaklamalar i\u00e7in uygun ve konforludur.<\/p>\n<p>Odalar\u0131m\u0131zda Split klima, Lcd TV, ,Emanet kasas\u0131 (\u00fccretsiz), Sa\u00e7 kurutma makinesi, Minibar (giri\u015f g\u00fcn\u00fc 2 adet su \u00fccretsiz), makyaj masas\u0131-aynas\u0131<\/p>\n<p>\u00c7ay-kahve ikram seti, Du\u015f \/ Wc, Kablosuz internet (\u00fccretsiz), Telefon (\u00fccretli), seramik zemin ve teras bulunmaktad\u0131r.<\/p>\n","protected":false},"excerpt":{"rendered":"<p>Teras\u0131ndan direk 140 cm derinli\u011fe sahip Panaroma&#8230;<\/p>\n","protected":false},"author":1,"featured_media":526,"parent":506,"menu_order":0,"comment_status":"closed","ping_status":"closed","template":"page-oda-detay.php","meta":{"_acf_changed":false,"inline_featured_image":false,"footnotes":""},"class_list":["post-525","page","type-page","status-publish","has-post-thumbnail","hentry"],"acf":[],"_links":{"self":[{"href":"https:\/\/ephesiahotel.com\/beach\/wp-json\/wp\/v2\/pages\/525","targetHints":{"allow":["GET"]}}],"collection":[{"href":"https:\/\/ephesiahotel.com\/beach\/wp-json\/wp\/v2\/pages"}],"about":[{"href":"https:\/\/ephesiahotel.com\/beach\/wp-json\/wp\/v2\/types\/page"}],"author":[{"embeddable":true,"href":"https:\/\/ephesiahotel.com\/beach\/wp-json\/wp\/v2\/users\/1"}],"replies":[{"embeddable":true,"href":"https:\/\/ephesiahotel.com\/beach\/wp-json\/wp\/v2\/comments?post=525"}],"version-history":[{"count":3,"href":"https:\/\/ephesiahotel.com\/beach\/wp-json\/wp\/v2\/pages\/525\/revisions"}],"predecessor-version":[{"id":837,"href":"https:\/\/ephesiahotel.com\/beach\/wp-json\/wp\/v2\/pages\/525\/revisions\/837"}],"up":[{"embeddable":true,"href":"https:\/\/ephesiahotel.com\/beach\/wp-json\/wp\/v2\/pages\/506"}],"wp:featuredmedia":[{"embeddable":true,"href":"https:\/\/ephesiahotel.com\/beach\/wp-json\/wp\/v2\/media\/526"}],"wp:attachment":[{"href":"https:\/\/ephesiahotel.com\/beach\/wp-json\/wp\/v2\/media?parent=525"}],"curies":[{"name":"wp","href":"https:\/\/api.w.org\/{rel}","templated":true}]}}