{"id":548,"date":"2025-04-07T17:09:33","date_gmt":"2025-04-07T14:09:33","guid":{"rendered":"https:\/\/ephesiahotel.com\/beach\/?page_id=548"},"modified":"2025-08-12T16:35:28","modified_gmt":"2025-08-12T13:35:28","slug":"hakkimizda","status":"publish","type":"page","link":"https:\/\/ephesiahotel.com\/beach\/hakkimizda\/","title":{"rendered":"Hakk\u0131m\u0131zda"},"content":{"rendered":"<p>Ephesia Holiday Beach Club ve Ephesia Resort Hotel Ku\u015fadas\u0131 Il\u0131ca mevkiinde sahil \u015feridine konumland\u0131r\u0131lm\u0131\u015f, bembeyaz kumlar\u0131 ve masmavi deniziyle ,Ku\u015fadas\u0131 merkeze \u00a07 km, \u0130zmir Adnan Menderes Havaliman\u0131na ise sadece \u00a075 km uzakl\u0131ktad\u0131r.<\/p>\n<p>Ephesia\u2019 da her misafirimiz daima unutulmaz \u00f6zel tatil an\u0131lar\u0131yla ayr\u0131l\u0131r.<br \/>\nEge \u2018nin cennet k\u00f6\u015felerinde konumlu Ephesia \u00a0Otelleri\u2019nin her biri ger\u00e7ek Ege \u00a0k\u00fclt\u00fcr\u00fc ve tarz\u0131n\u0131 misafirlerine yans\u0131t\u0131r.<\/p>\n<p>Ephesia Otelleri, romantizm, ke\u015fif ve heyecan dolu an\u0131larla ayr\u0131laca\u011f\u0131n\u0131z unutulmaz bir tatil i\u00e7in sizi bekliyor.<\/p>\n<p>Mis kokulu ve renkli bah\u00e7eleri, muhte\u015fem \u00a0Ege sahillerinin ferahlat\u0131c\u0131 sular\u0131, ihti\u015faml\u0131 T\u00fcrk mutfa\u011f\u0131, lezzet festivalleri ve aktiviteler ile kendinizi \u015f\u0131mart\u0131n.<\/p>\n<p>Misafirlerimiz i\u00e7in her zaman en \u00f6nemli \u00f6nceli\u011fimiz hizmet, kalite ve tutarl\u0131l\u0131kt\u0131r. Bu nedenle t\u00fcm misafirlerimiz, misafir olarak konaklad\u0131klar\u0131 Ephesia Otellerinden y\u0131llarca devam edecekleri Ephesia ailesinin bir ferdi olarak ayr\u0131l\u0131rlar.<\/p>\n<p>Siz de Ephesia ailesinin bir par\u00e7as\u0131 olun.<\/p>\n<h2>M\u0130SYON<\/h2>\n<p>Mutlu, verimli, g\u00fclery\u00fczl\u00fc ve misafirperver \u00e7al\u0131\u015fanlar\u0131 ile; misafirlerimizin, istek, ihtiya\u00e7 ve beklentilerine uyumlu \u00fcr\u00fcn ve hizmeti vererek unutulmaz bir tatil ger\u00e7ekle\u015ftirmelerini sa\u011flamakt\u0131r. Turizm Sekt\u00f6r\u00fcndeki \u00f6nemli sorumluluklar\u0131m\u0131z\u0131n bilinci ile hizmet kalitesini, t\u00fcm organizasyon kademelerinde yerle\u015ftirme, s\u00fcrd\u00fcrme ve iyile\u015ftirme faliyetlerine \u00f6zel \u00f6nem vermektir.<\/p>\n<h2>V\u0130ZYON<\/h2>\n<p>S\u00fcrekli geli\u015fme ve iyile\u015ftirme politikalar\u0131 uygulayarak, sekt\u00f6rde \u00f6nemli bir marka olmak, Ku\u015fadas\u0131 ve Ege B\u00f6lgesinin Turizm de\u011ferlerine katk\u0131 sa\u011flamak. \u00dclkemizin tan\u0131t\u0131m ve geli\u015fmesine destek olan bir i\u015fletme olmak.<\/p>\n<h2>T\u0130CAR\u0130 \u00dcNVAN<\/h2>\n<p>ESEN TUR\u0130ZM \u0130\u015eLETMEC\u0130L\u0130\u011e\u0130 VE T\u0130CARET ANON\u0130M \u015e\u0130RKET\u0130<br \/>\nYAVANSU MAHALLES\u0130 KARAOVA PLAJI SOK. NO: 4 KU\u015eADASI\/AYDIN<br \/>\nVergi Dairesi : Ku\u015fadas\u0131<br \/>\nVergi Kimlik No : 378 002 9300<\/p>\n","protected":false},"excerpt":{"rendered":"<p>Ephesia Holiday Beach Club ve Ephesia Resort&#8230;<\/p>\n","protected":false},"author":1,"featured_media":430,"parent":0,"menu_order":0,"comment_status":"closed","ping_status":"closed","template":"","meta":{"_acf_changed":false,"inline_featured_image":false,"footnotes":""},"class_list":["post-548","page","type-page","status-publish","has-post-thumbnail","hentry"],"acf":[],"_links":{"self":[{"href":"https:\/\/ephesiahotel.com\/beach\/wp-json\/wp\/v2\/pages\/548","targetHints":{"allow":["GET"]}}],"collection":[{"href":"https:\/\/ephesiahotel.com\/beach\/wp-json\/wp\/v2\/pages"}],"about":[{"href":"https:\/\/ephesiahotel.com\/beach\/wp-json\/wp\/v2\/types\/page"}],"author":[{"embeddable":true,"href":"https:\/\/ephesiahotel.com\/beach\/wp-json\/wp\/v2\/users\/1"}],"replies":[{"embeddable":true,"href":"https:\/\/ephesiahotel.com\/beach\/wp-json\/wp\/v2\/comments?post=548"}],"version-history":[{"count":4,"href":"https:\/\/ephesiahotel.com\/beach\/wp-json\/wp\/v2\/pages\/548\/revisions"}],"predecessor-version":[{"id":916,"href":"https:\/\/ephesiahotel.com\/beach\/wp-json\/wp\/v2\/pages\/548\/revisions\/916"}],"wp:featuredmedia":[{"embeddable":true,"href":"https:\/\/ephesiahotel.com\/beach\/wp-json\/wp\/v2\/media\/430"}],"wp:attachment":[{"href":"https:\/\/ephesiahotel.com\/beach\/wp-json\/wp\/v2\/media?parent=548"}],"curies":[{"name":"wp","href":"https:\/\/api.w.org\/{rel}","templated":true}]}}