{"id":301,"date":"2025-04-04T15:17:27","date_gmt":"2025-04-04T12:17:27","guid":{"rendered":"https:\/\/ephesiahotel.com\/resort\/?page_id=301"},"modified":"2025-04-09T13:57:34","modified_gmt":"2025-04-09T10:57:34","slug":"aktiviteler","status":"publish","type":"page","link":"https:\/\/ephesiahotel.com\/resort\/aktiviteler\/","title":{"rendered":"Aktiviteler"},"content":{"rendered":"<h2 style=\"margin-bottom: 15px;\">Ephesia Resort Hotel\u2019de E\u011flence Dolu Anlar<\/h2>\n<p>Ephesia Resort Hotel, tatiliniz boyunca e\u011flence ve dinlencenin m\u00fckemmel dengesini sunuyor. Soft animasyon se\u00e7eneklerimiz, her ya\u015ftan misafirimizin keyifli vakit ge\u00e7irmesini sa\u011flayacak \u015fekilde tasarland\u0131. Suyun ve g\u00fcne\u015fin tad\u0131n\u0131 \u00e7\u0131karabilece\u011finiz su sporlar\u0131ndan, otelimizdeki \u00e7e\u015fitli e\u011flenceli etkinliklere kadar her \u015fey sizin i\u00e7in haz\u0131r. Canl\u0131 m\u00fczik dinletileriyle ak\u015famlar\u0131 renklendirebilir, spor aktiviteleriyle enerjinizi atabilirsiniz. Tatilinizi sadece dinlenerek de\u011fil, ayn\u0131 zamanda unutulmaz an\u0131lar biriktirerek ge\u00e7irebileceksiniz.<\/p>\n","protected":false},"excerpt":{"rendered":"<p>Ephesia Resort Hotel\u2019de E\u011flence Dolu Anlar Ephesia&#8230;<\/p>\n","protected":false},"author":1,"featured_media":655,"parent":0,"menu_order":0,"comment_status":"closed","ping_status":"closed","template":"page-aktiviteler.php","meta":{"_acf_changed":false,"inline_featured_image":false,"footnotes":""},"class_list":["post-301","page","type-page","status-publish","has-post-thumbnail","hentry"],"acf":[],"_links":{"self":[{"href":"https:\/\/ephesiahotel.com\/resort\/wp-json\/wp\/v2\/pages\/301","targetHints":{"allow":["GET"]}}],"collection":[{"href":"https:\/\/ephesiahotel.com\/resort\/wp-json\/wp\/v2\/pages"}],"about":[{"href":"https:\/\/ephesiahotel.com\/resort\/wp-json\/wp\/v2\/types\/page"}],"author":[{"embeddable":true,"href":"https:\/\/ephesiahotel.com\/resort\/wp-json\/wp\/v2\/users\/1"}],"replies":[{"embeddable":true,"href":"https:\/\/ephesiahotel.com\/resort\/wp-json\/wp\/v2\/comments?post=301"}],"version-history":[{"count":10,"href":"https:\/\/ephesiahotel.com\/resort\/wp-json\/wp\/v2\/pages\/301\/revisions"}],"predecessor-version":[{"id":747,"href":"https:\/\/ephesiahotel.com\/resort\/wp-json\/wp\/v2\/pages\/301\/revisions\/747"}],"wp:featuredmedia":[{"embeddable":true,"href":"https:\/\/ephesiahotel.com\/resort\/wp-json\/wp\/v2\/media\/655"}],"wp:attachment":[{"href":"https:\/\/ephesiahotel.com\/resort\/wp-json\/wp\/v2\/media?parent=301"}],"curies":[{"name":"wp","href":"https:\/\/api.w.org\/{rel}","templated":true}]}}