{"id":722,"date":"2025-04-09T10:54:20","date_gmt":"2025-04-09T07:54:20","guid":{"rendered":"https:\/\/ephesiahotel.com\/resort\/?page_id=722"},"modified":"2025-04-09T13:46:18","modified_gmt":"2025-04-09T10:46:18","slug":"aile-odasi","status":"publish","type":"page","link":"https:\/\/ephesiahotel.com\/resort\/odalar\/aile-odasi\/","title":{"rendered":"Aile Odas\u0131"},"content":{"rendered":"<p>Ephesia Resort Hotel\u2019in aile odalar\u0131, sevdiklerinizle birlikte rahat ve huzurlu bir tatil ge\u00e7irmeniz i\u00e7in \u00f6zenle tasarland\u0131. 33-48 m\u00b2 geni\u015fli\u011findeki aile odalar\u0131m\u0131z, iki ayr\u0131 b\u00f6l\u00fcmden olu\u015fan yap\u0131s\u0131yla hem mahremiyet hem de konfor sunar. Bir b\u00f6l\u00fcmde \u00e7ift ki\u015filik yatak, di\u011fer b\u00f6l\u00fcmde ise iki tek ki\u015filik yatak bulunan odalar\u0131m\u0131z, geni\u015f ve ferah yap\u0131s\u0131yla aileler i\u00e7in idealdir. Ailenizle birlikte evinizin s\u0131cakl\u0131\u011f\u0131n\u0131 hissedebilece\u011finiz bu \u00f6zel odalar, tatilinizi daha keyifli hale getirecek t\u00fcm imkanlara sahiptir.<\/p>\n<p>Aile odalar\u0131m\u0131zda bir banyo, bir tuvalet ve tatiliniz boyunca ihtiyac\u0131n\u0131z olan t\u00fcm konfor detaylar\u0131 d\u00fc\u015f\u00fcn\u00fclm\u00fc\u015ft\u00fcr. Modern dekorasyonu ve fonksiyonel yap\u0131s\u0131yla rahat bir atmosfer sunan odalar\u0131m\u0131zda, ailece unutulmaz an\u0131lar biriktirebilirsiniz. Hem konforu hem de huzuru bir arada sunan Ephesia Resort Hotel\u2019in aile odalar\u0131nda, tatilinizi keyifle ge\u00e7irmenizi sa\u011flamak i\u00e7in sizleri bekliyoruz!<\/p>\n","protected":false},"excerpt":{"rendered":"<p>Ephesia Resort Hotel\u2019in aile odalar\u0131, sevdiklerinizle birlikte&#8230;<\/p>\n","protected":false},"author":1,"featured_media":729,"parent":216,"menu_order":0,"comment_status":"closed","ping_status":"closed","template":"page-oda-detay.php","meta":{"_acf_changed":false,"inline_featured_image":false,"footnotes":""},"class_list":["post-722","page","type-page","status-publish","has-post-thumbnail","hentry"],"acf":[],"_links":{"self":[{"href":"https:\/\/ephesiahotel.com\/resort\/wp-json\/wp\/v2\/pages\/722","targetHints":{"allow":["GET"]}}],"collection":[{"href":"https:\/\/ephesiahotel.com\/resort\/wp-json\/wp\/v2\/pages"}],"about":[{"href":"https:\/\/ephesiahotel.com\/resort\/wp-json\/wp\/v2\/types\/page"}],"author":[{"embeddable":true,"href":"https:\/\/ephesiahotel.com\/resort\/wp-json\/wp\/v2\/users\/1"}],"replies":[{"embeddable":true,"href":"https:\/\/ephesiahotel.com\/resort\/wp-json\/wp\/v2\/comments?post=722"}],"version-history":[{"count":3,"href":"https:\/\/ephesiahotel.com\/resort\/wp-json\/wp\/v2\/pages\/722\/revisions"}],"predecessor-version":[{"id":744,"href":"https:\/\/ephesiahotel.com\/resort\/wp-json\/wp\/v2\/pages\/722\/revisions\/744"}],"up":[{"embeddable":true,"href":"https:\/\/ephesiahotel.com\/resort\/wp-json\/wp\/v2\/pages\/216"}],"wp:featuredmedia":[{"embeddable":true,"href":"https:\/\/ephesiahotel.com\/resort\/wp-json\/wp\/v2\/media\/729"}],"wp:attachment":[{"href":"https:\/\/ephesiahotel.com\/resort\/wp-json\/wp\/v2\/media?parent=722"}],"curies":[{"name":"wp","href":"https:\/\/api.w.org\/{rel}","templated":true}]}}